0409
List the prime factors of 171218125.
5, 13, 1621
List the prime factors of 2326448.
2, 97, 1499
List the prime factors of 87558021.
3, 37, 262937
List the prime factors of 341451925.
5, 13658077
List the prime factors of 39216102.
2, 3, 1249, 5233
List the prime factors of 70137718.
2, 7, 23, 29, 37
What are the prime factors of 40497558?
2, 3, 6749593
What are the prime factors of 280941088?
2, 8779409
List the prime factors of 108350526.
2, 3, 353, 51157
List the prime factors of 31272663.
3, 23, 453227
What are the prime factors of 31059953?
349, 88997
What are the prime factors of 50160124?
2, 7, 255919
List the prime factors of 886367688.
2, 3, 331, 111577
List the prime factors of 3382530594.
2, 3, 19, 29, 35281
List the prime factors of 346751289.
3, 23, 29, 47, 1229
List the prime factors of 102845934.
2, 3, 5713663
What are the prime factors of 58858949?
58858949
What are the prime factors of 435967?
7, 61, 1021
List the prime factors of 170847934.
2, 85423967
What are the prime factors of 40372894?
2, 20186447
What are the prime factors of 1756525651?
1756525651
What are the prime factors of 1466698214?
2, 733349107
List the prime factors of 141840068.
2, 241, 147137
List the prime factors of 821576623.
7, 9829, 11941
What are the prime factors of 2288249178?
2, 3, 381374863
List the prime factors of 4383990156.
2, 3, 7, 13, 19, 211297
What are the prime factors of 42536650?
2, 5, 13, 31, 2111
What are the prime factors of 267347850?
2, 3, 5, 7, 11, 79, 293
What are the prime factors of 1345844686?
2, 181, 3717803
List the prime factors of 4890200919.
3, 9133, 178481
List the prime factors of 13696307.
101, 135607
List the prime factors of 302961108.
2, 3, 307, 82237
List the prime factors of 711349266.
2, 3, 118558211
List the prime factors of 213004704.
2, 3, 11, 201709
List the prime factors of 789985260.
2, 3, 5, 113, 38839
What are the prime factors of 2092002?
2, 3, 11, 29, 1093
List the prime factors of 136711331.
17, 211, 38113
What are the prime factors of 42730086?
2, 3, 7, 1017383
What are the prime factors of 695072077?
7, 99296011
List the prime factors of 210799748.
2, 83, 634939
What are the prime factors of 398128258?
2, 11, 47, 83, 4639
What are the prime factors of 34337192?
2, 79, 54331
What are the prime factors of 3267194376?
2, 3, 269, 506071
List the prime factors of 1418416708.
2, 103, 3442759
List the prime factors of 1697818804.
2, 11, 29, 127, 10477
List the prime factors of 302833763.
302833763
List the prime factors of 204381903.
3, 11, 61, 101531
What are the prime factors of 1621747845?
3, 5, 173, 69439
What are the prime factors of 1177196113?
1177196113
List the prime factors of 783982782.
2, 3, 11, 1759, 2251
List the prime factors of 210121850.
2, 5, 1549, 2713
List the prime factors of 53035883.
53035883
What are the prime factors of 26213927?
26213927
List the prime factors of 385269191.
677, 569083
What are the prime factors of 31434628?
2, 1447, 5431
List the prime factors of 1238934596.
2, 19, 107, 131, 1163
What are the prime factors of 20588433?
3, 31, 53, 4177
What are the prime factors of 2976171932?
2, 19, 191, 421, 487
What are the prime factors of 973616179?
167, 269, 21673
What are the prime factors of 251156954?
2, 503, 249659
What are the prime factors of 36489591?
3, 937, 4327
What are the prime factors of 353725914?
2, 3, 83, 710293
List the prime factors of 383574867.
3, 13, 9835253
What are the prime factors of 19370233?
239, 81047
List the prime factors of 8343811428.
2, 3, 695317619
What are the prime factors of 614165646?
2, 3, 43, 2380487
What are the prime factors of 17713264?
2, 227, 4877
List the prime factors of 3969906951.
3, 73, 137, 307, 431
What are the prime factors of 34649764?
2, 8662441
List the prime factors of 466963801.
41, 1489, 7649
List the prime factors of 2118689866.
2, 1059344933
List the prime factors of 1741454256.
2, 3, 1499, 24203
List the prime factors of 3726115603.
7, 532302229
What are the prime factors of 724416604?
2, 271, 563, 1187
What are the prime factors of 681255634?
2, 223, 701, 2179
List the prime factors of 694492949.
694492949
List the prime factors of 223308387.
3, 19, 67, 73, 89
List the prime factors of 1500683.
37, 40559
List the prime factors of 5593062911.
5593062911
List the prime factors of 763462221.
3, 254487407
What are the prime factors of 712815166?
2, 7, 2251, 22619
List the prime factors of 23340938.
2, 1879, 6211
List the prime factors of 681075320.
2, 5, 101, 263, 641
List the prime factors of 33655083.
3, 7, 11, 89, 1637
List the prime factors of 1714776535.
5, 733, 467879
List the prime factors of 5939474559.
3, 5387, 367519
List the prime factors of 14018154.
2, 3, 2336359
What are the prime factors of 50375827?
50375827
List the prime factors of 69877484.
2, 17469371
What are the prime factors of 45949349?
743, 61843
What are the prime factors of 77589930?
2, 3, 5, 11, 191, 1231
List the prime factors of 195807375.
3, 5, 83, 233
What are the prime factors of 272504192?
2, 419, 5081
What are the prime factors of 51483620?
2, 5, 2574181
List the prime factors of 413287102.
2, 17, 31, 392113
What are the prime factors of 154079126?
2, 17, 4531739
What are the prime factors of 435213823?
11, 257, 153949
List the prime factors of 2728520812.
2, 682130203
What are the prime factors of 2274148646?
2, 7, 11, 19, 777221
List the prime factors of 18820105.
5, 17, 221413
List the prime factors of 2721520.
2, 5, 34019
What are the prime factors of 246428257?
246428257
What are the prime factors of 9853461?
3, 364943
What are the prime factors of 959173612?
2, 4729, 50707
List the prime factors of 910685719.
910685719
What are the prime factors of 7478791?
7478791
What are the prime factors of 538857331?
83, 6492257
List the prime factors of 17164343.
7, 2452049
What are the prime factors of 268923105?
3, 5, 11, 101, 163
List the prime factors of 8425812970.
2, 5, 842581297
List the prime factors of 117067089.
3, 53, 163, 4517
What are the prime factors of 322744294?
2, 161372147
What are the prime factors of 10731474?
2, 3, 13, 15287
List the prime factors of 9111768.
2, 3, 31, 37, 331
List the prime factors of 408571889.
11, 37142899
List the prime factors of 932410082.
2, 466205041
List the prime factors of 610461459.
3, 67829051
List the prime factors of 2917837364.
2, 13, 17, 3300721
List the prime factors of 4129696789.
83, 49755383
List the prime factors of 3601911519.
3, 400212391
What are the prime factors of 45583773?
3, 15194591
What are the prime factors of 38272478?
2, 1471, 13009
What are the prime factors of 55549517?
1429, 38873
List the prime factors of 908622748.
2, 11, 1777, 11621
What are the prime factors of 75863592?
2, 3, 7, 150523
List the prime factors of 1567360990.
2, 5, 13, 23, 524201
List the prime factors of 14555744.
2, 7, 9283
What are the prime factors of 1921945591?
17, 59, 743, 2579
What are the prime factors of 109158065?
5, 21831613
What are the prime factors of 14697005?
5, 2939401
What are the prime factors of 275556643?
275556643
List the prime factors of 257166311.
19, 13535069
List the prime factors of 136988161.
23, 5956007
What are the prime factors of 65322639?
3, 197, 12281
What are the prime factors of 3056453681?
17, 179791393
What are the prime factors of 790460826?
2, 3, 23, 229, 25013
List the prime factors of 342171791.
13, 71, 389, 953
What are the prime factors of 2507067815?
5, 7, 71630509
What are the prime factors of 46941918?
2, 3, 7823653
What are the prime factors of 28301655?
3, 5, 1886777
List the prime factors of 11364285.
3, 5, 59, 12841
What are the prime factors of 832545503?
71, 1103, 10631
List the prime factors of 315215201.
7, 45030743
What are the prime factors of 2190597274?
2, 353, 3102829
List the prime factors of 331239363.
3, 7, 13, 29, 43, 139
What are the prime factors of 35687672?
2, 4460959
What are the prime factors of 114941391?
3, 38313797
What are the prime factors of 2085831925?
5, 83433277
What are the prime factors of 239304477?
3, 79768159
What are the prime factors of 344537840?
2, 5, 4306723
What are the prime factors of 61918199?
7, 17, 59, 8819
List the prime factors of 750982082.
2, 375491041
List the prime factors of 28879434.